 n?
3, 7, 43
Let j = -4198 + 7821. What are the prime factors of j?
3623
Let a = 18 - 15. Suppose 3*n + 2*v + v = 75, a*n - 2*v = 55. What are the prime factors of (-7)/n + 128/6?
3, 7
Let p = 27 + -433. Let f = -206 - p. Suppose -f = -3*c - c. What are the prime factors of c?
2, 5
Let s be (14/(-5))/((-16)/400). Suppose -n + s = -384. What are the prime factors of n?
2, 227
Let n = 604 - 46. Let x = n + 1131. List the prime factors of x.
3, 563
Let k(q) = q**2 + 39*q - 1007. List the prime factors of k(45).
47, 59
Suppose -n - 2720 = -4*k + 4*n, 4*n - 701 = -k. Let p = k + -342. List the prime factors of p.
7
Let c = 70 - 70. Let a be (33 + (c - 1))/(3/6). List the prime factors of a - (2/(-14) + (-1)/(-7)).
2
Let b(a) = -a**3 + 9*a**2 + 11*a - 1. Let m(t) = -t**2 + 10*t - 14. Let v be m(6). Let s be b(v). Suppose f - s = 38. What are the prime factors of f?
47
Let q = -12214 + 18554. Suppose 31*r - 11*r = q. List the prime factors of r.
317
Suppose -5*s + 2*s + 33 = 0. Suppose 8 = -5*f + 3*f, -s = 3*i + 5*f. Suppose 6 = -c + i*c. List the prime factors of c.
3
Suppose -3*l - 648 = -4*c, -5*c = -9*c - l + 632. Let v = c + -112. What are the prime factors of v?
47
Suppose 2*f = 5*i + 5858, 2*i = -2*f - i + 5874. List the prime factors of f.
2, 3, 163
Let s(v) = -2*v + 28. Let z be s(10). What are the prime factors of ((-1)/(z/14))/((-89)/32396)?
7, 13
Let g be (9 + -8)/(0 - 2/(-58)). Let p(k) = k**2 - 18*k + 72. List the prime factors of p(g).
17, 23
Let t = 54 + -46. Suppose -t*i = -4*i + 676. Let g = i - -248. What are the prime factors of g?
79
Suppose 3*p - 43*u - 76827 = -40*u, -4 = 4*u. What are the prime factors of p?
2, 3, 11, 97
Suppose -11900 = -5*d + 5*g, -4*d = 2*g + 571 - 10085. What are the prime factors of d?
3, 13, 61
Suppose 3 = -3*g + 60. Let r = 27 - g. Suppose 0 = 6*b - r*b + 322. List the prime factors of b.
7, 23
List the prime factors of ((-183616)/(-112))/((-4)/(-14)).
2, 19, 151
Let u = 4967 - -6570. What are the prime factors of u?
83, 139
Let z(h) = -7235*h - 296. What are the prime factors of z(-3)?
79, 271
Suppose 0 = 2*p - 3*z - 6732, -2*p + z + 5867 + 865 = 0. What are the prime factors of p?
2, 3, 11, 17
Let u = 19362 - 13037. What are the prime factors of ((-24)/15)/((-22)/u)?
2, 5, 23
List the prime factors of ((-14400)/2304)/((9/10884)/(-3)).
5, 907
What are the prime factors of 10583199/1089 - 3/11?
2, 43, 113
Let a(t) = t**2 + 14*t + 2070. What are the prime factors of a(132)?
2, 3, 3557
Let w = 79965 + -37872. List the prime factors of w.
3, 1559
Suppose 0 = 3*l - 361 - 47. Suppose 139*o = l*o + 897. What are the prime factors of o?
13, 23
Suppose -2184 = -4*m + 2144. List the prime factors of m.
2, 541
Let u = 8503 - 4325. List the prime factors of u.
2, 2089
Let h be (-3)/(-6) + 4893/6. Let l = h + -525. What are the prime factors of l?
3, 97
Let v(c) = 17*c**2 - 308*c - 28. What are the prime factors of v(35)?
3, 7, 53
Let x = -718 + 719. Suppose -2*k - 3*k - m = -2404, -x = m. List the prime factors of k.
13, 37
Suppose 2*c + 2*l - 5 = 3, 0 = -2*c - 5*l + 23. Let a(b) = -b**2 - 5*b. Let v be a(-3). List the prime factors of ((-296)/12)/(c/v).
2, 37
What are the prime factors of 864/(-2 - -4) + (-3)/(-4 - -3)?
3, 5, 29
Suppose 72*s + 46*s = 19*s + 1896147. List the prime factors of s.
107, 179
List the prime factors of (11 + -15 + 1057)*70.
2, 3, 5, 7, 13
Let h(f) = 1374*f**2 + 707*f + 17. List the prime factors of h(6).
31, 1733
Let k(s) = s**3 - 7*s**2 + 8*s + 16. Let a be k(5). What are the prime factors of (159/(-6))/(a/(-60))?
5, 53
Let l = 13756 - 4657. List the prime factors of l.
3, 337
Let c = -884 - -888. Suppose -5*g - c*y = -2885 - 5516, -3*y + 12 = 0. What are the prime factors of g?
3, 13, 43
List the prime factors of 16838346/644*4*3/18.
17431
Let k = 432 + 190. Suppose 0 = -m + k + 1008. List the prime factors of m.
2, 5, 163
Let f(j) = -8*j + 15. Suppose 0 = t + 4*b + 14 + 2, 3*b + 14 = -t. List the prime factors of f(t).
79
Let w be (-1)/36*-9 + 14/8. List the prime factors of w - (1 - 1) - (-1 + -288).
3, 97
Let r = -1978 - -4749. What are the prime factors of r?
17, 163
Suppose 56*w - 419925 = 9*w + 294005. What are the prime factors of w?
2, 5, 7, 31
Let m be ((-44)/5)/((-2)/20). Let a = m + -38. Let y = a + -36. List the prime factors of y.
2, 7
Let u(q) = -q**3 - 6*q**2 + 7*q + 5. Let a be u(-7). Suppose -5*b + 9*c - 7*c + 4248 = 0, -a*b - 3*c + 4253 = 0. What are the prime factors of b?
2, 5, 17
Let s(r) = -r**3 + 64. Let g be s(0). Let l be -1*(-36)/8*-2. Let o = g + l. What are the prime factors of o?
5, 11
Let u(v) = v**3 - 8*v**2 - 2*v + 11. Let f be u(9). Suppose -78*g + 2280 = -f*g. List the prime factors of g.
2, 3, 5, 19
Suppose 4*l - 16 - 32 = -4*u, -2*u + 69 = 5*l. List the prime factors of (-25)/(-5)*882/l.
2, 3, 7
Let c(b) = 288*b - 38. Let h be c(7). Let z = h + -1043. What are the prime factors of z?
5, 11, 17
Suppose -n = -29*n + 11*n + 339592. List the prime factors of n.
2, 11, 227
Suppose 8 = 8*v - 6*v. Let n be 17255/21 - (-2)/(-3). Suppose 3*m + n = 5*g, -v*m = -4*g + 835 - 175. List the prime factors of g.
163
Suppose 0 = 40*f - 382112 - 67350 - 420218. List the prime factors of f.
2, 7, 1553
Suppose 35*d = 30*d - 30. Let h(i) = 8*i**2 + 8*i + 50. What are the prime factors of h(d)?
2, 5, 29
Let r be (2 + -4)/((-6)/27). Suppose 354 = r*l - 7*l. List the prime factors of l.
3, 59
Let z = -5805 + 19011. What are the prime factors of z?
2, 3, 31, 71
Suppose -4*m + 5*w = -25, -3*w = 5*m + 18 - 3. What are the prime factors of (-1 - 6/(-4))*(m - -36)?
2, 3
Let f(m) = m**3 + 8*m**2 + 10*m + 11. Let l be f(-6). Let b = 80 - l. Suppose -i = 4*s - b, i + 14 - 68 = -5*s. What are the prime factors of i?
3, 23
Let g(u) = 2*u**2 - u. Let z(h) = 7*h**2 - 26*h + 135. Let v(x) = -4*g(x) + z(x). What are the prime factors of v(-25)?
2, 3, 5
Suppose j + 5*i - 2 + 0 = 0, -12 = -j + 5*i. Suppose 0 = 3*y - 3*q - 630, -2*y + 411 = -j*q + 2*q. What are the prime factors of y?
3, 71
Suppose 120*t = 123*t - 6. Suppose -23*c + 22*c = 3*y - 1736, -c - 1159 = -t*y. List the prime factors of y.
3, 193
Let q(k) = 35*k**2 - 2*k + 5. Let c be q(4). Suppose -g = w + 3*w - 2213, w - c = g. List the prime factors of w.
2, 277
Suppose -2*v = 18, 0 = 6*d - 5*v - 59393 + 7592. What are the prime factors of d?
2, 19, 227
Let o(r) = -32*r**2 - 10*r. Let q be o(-2). Let n = 394 + q. List the prime factors of n.
2, 11, 13
Suppose 0 = 5*s + 2*r + 1517, -s = -2*r + 4*r + 297. Let y = 628 + s. List the prime factors of y.
17, 19
Suppose 0*i - 5*i = -380. Let y = -80 + i. What are the prime factors of (-16 - 318)*2/y?
167
Suppose 3252*o - 3235*o - 52785 = 0. List the prime factors of o.
3, 5, 23
Suppose -192*h + 7879004 = -3635620. List the prime factors of h.
2, 11, 29, 47
Let y = -52 - -99. Suppose 5*u + 4*c - y = 348, -5*c + 237 = 3*u. Suppose q = 74 + u. List the prime factors of q.
3, 17
Let p be (-12)/15 + -2*(-11)/(-10). Let q be (-2 - 126/(-15)) + p/(-5). Suppose -3*y - 1136 = -4*x, 2*x + 2*y = q*x - 1413. List the prime factors of x.
281
Suppose 7*q = 0, q + 39043 = u - 4*q. What are the prime factors of u?
39043
Let u(r) = 19*r**3 + 7*r**2 + 2*r - 60. List the prime factors of u(7).
2, 3407
Let v = 7799 + -6365. What are the prime factors of v?
2, 3, 239
Let d(k) = k**3 + 9*k**2 - 13*k + 1. Let l be d(6). Suppose -3*b - 615 = -5*t - 4*b, 5*b = 4*t - l. Suppose 0 = 3*y - t + 44. What are the prime factors of y?
2, 13
Let m(v) be the third derivative of 1627*v**5/60 - v**4/6 + v**3/3 - 3*v**2. List the prime factors of m(1).
5, 13
Suppose 53*n - 833367 = 39384. List the prime factors of n.
3, 11, 499
Suppose 5*p = -w + 19, 0*p + 4*w - 28 = -4*p. Suppose -3*u - p*i = -53 - 535, 0 = -4*i. List the prime factors of u.
2, 7
Let h = 33 - 19. Let q be (0 - 1)/((2/(-2))/h). Suppose -222 - q = -4*y. List the prime factors of y.
59
Let o = 4 - 2. Let r = 6 + o. Suppose r*v + 12 = 12*v. What are the prime factors of v?
3
Let f(v) = v**2 - 6*v - 4. Let q(g) = g**3 + 14*g**2 - 3*g - 35. Let r be q(-14). Let k be f(r). List the prime factors of 1182/21 + k/((-21)/2).
2, 7
Suppose 12 - 2 = 5*n. Let s be 3 + (-2 - -1) + n. Suppose 372 = 3*i + s*z, -108 = -2*i + 4*z + 140. List the prime factors of i.
2, 3